15
Calculate the remainder when 7633748 is divided by 10.
8
Calculate the remainder when 1943336109 is divided by 1348.
1345
Calculate the remainder when 371236 is divided by 57.
52
Calculate the remainder when 575289 is divided by 3012.
3009
Calculate the remainder when 32224408 is divided by 370.
368
Calculate the remainder when 63293 is divided by 62957.
336
Calculate the remainder when 438881 is divided by 29247.
176
Calculate the remainder when 6366 is divided by 4826.
1540
Calculate the remainder when 8600341 is divided by 1177.
2
Calculate the remainder when 18043 is divided by 69.
34
Calculate the remainder when 8586533 is divided by 901.
3
Calculate the remainder when 306292 is divided by 34011.
193
What is the remainder when 96906 is divided by 26?
4
Calculate the remainder when 35373785 is divided by 21.
20
What is the remainder when 71192 is divided by 4181?
115
What is the remainder when 697200 is divided by 205?
200
What is the remainder when 4469867 is divided by 3634?
47
What is the remainder when 148234382 is divided by 37?
24
Calculate the remainder when 942627 is divided by 942616.
11
What is the remainder when 1246937996 is divided by 770?
766
Calculate the remainder when 70565 is divided by 69.
47
What is the remainder when 143168225 is divided by 6758?
6753
Calculate the remainder when 4189242 is divided by 504.
498
Calculate the remainder when 8275688 is divided by 186.
176
What is the remainder when 146791 is divided by 1535?
966
What is the remainder when 202784 is divided by 3508?
2828
Calculate the remainder when 62474 is divided by 1833.
152
What is the remainder when 10828262 is divided by 1102?
10
What is the remainder when 7935203 is divided by 17?
11
What is the remainder when 76606303 is divided by 54?
13
Calculate the remainder when 47204 is divided by 4506.
2144
What is the remainder when 1057488 is divided by 20330?
328
Calculate the remainder when 1111488 is divided by 74090.
138
What is the remainder when 2798177 is divided by 167?
92
Calculate the remainder when 263602 is divided by 856.
810
What is the remainder when 1623976 is divided by 108261?
61
Calculate the remainder when 14077870 is divided by 78647.
57
Calculate the remainder when 3527265 is divided by 720.
705
What is the remainder when 35102 is divided by 114?
104
What is the remainder when 47940 is divided by 8565?
5115
Calculate the remainder when 6153045 is divided by 612.
609
What is the remainder when 1250060 is divided by 46?
10
Calculate the remainder when 1018191 is divided by 509082.
27
What is the remainder when 3828046424 is divided by 9013?
9012
What is the remainder when 1860500 is divided by 465110?
60
Calculate the remainder when 48727 is divided by 240.
7
Calculate the remainder when 192594 is divided by 1197.
1074
Calculate the remainder when 2208713 is divided by 2945.
2908
Calculate the remainder when 4940 is divided by 1729.
1482
What is the remainder when 156421 is divided by 1857?
433
Calculate the remainder when 248789014 is divided by 1071.
1069
What is the remainder when 744855 is divided by 3737?
1192
Calculate the remainder when 1389942 is divided by 6150.
42
Calculate the remainder when 33014072 is divided by 1660.
1652
What is the remainder when 616952472 is divided by 2745?
2742
What is the remainder when 41260467 is divided by 703?
694
What is the remainder when 17074814 is divided by 5691601?
11
Calculate the remainder when 10610283 is divided by 235784.
3
What is the remainder when 9327985 is divided by 2641?
2614
What is the remainder when 81593 is divided by 81352?
241
Calculate the remainder when 41508729 is divided by 170.
169
Calculate the remainder when 365687 is divided by 3324.
47
What is the remainder when 21634333 is divided by 1081715?
33
What is the remainder when 1050905 is divided by 185?
105
What is the remainder when 1265024 is divided by 38334?
2
Calculate the remainder when 5711761 is divided by 103.
102
Calculate the remainder when 1007312 is divided by 2651.
2583
What is the remainder when 114170407 is divided by 3171400?
7
Calculate the remainder when 14756885 is divided by 72.
53
Calculate the remainder when 2315818 is divided by 35.
8
Calculate the remainder when 9788539 is divided by 226.
27
Calculate the remainder when 228394654 is divided by 336.
334
Calculate the remainder when 34360424 is divided by 3574.
3562
Calculate the remainder when 4968634 is divided by 5389.
5365
What is the remainder when 6366681 is divided by 193?
190
What is the remainder when 136733 is divided by 34170?
53
Calculate the remainder when 1273662 is divided by 636759.
144
Calculate the remainder when 1525917 is divided by 4037.
3968
What is the remainder when 17972 is divided by 629?
360
Calculate the remainder when 24062340 is divided by 4371.
4356
Calculate the remainder when 365673 is divided by 935.
88
Calculate the remainder when 14605119 is divided by 89.
41
What is the remainder when 5529 is divided by 3061?
2468
What is the remainder when 299016 is divided by 2577?
84
What is the remainder when 19989162 is divided by 136912?
10
Calculate the remainder when 747484 is divided by 1982.
270
Calculate the remainder when 6842020 is divided by 467.
3
What is the remainder when 2358514 is divided by 1039?
1023
What is the remainder when 5892439 is divided by 1178468?
99
Calculate the remainder when 81176562 is divided by 9289.
9280
What is the remainder when 91100957 is divided by 63?
59
Calculate the remainder when 73716530 is divided by 954.
950
What is the remainder when 7406625 is divided by 560?
65
What is the remainder when 23098736 is divided by 1776825?
11
Calculate the remainder when 42130 is divided by 1293.
754
Calculate the remainder when 513041 is divided by 128106.
617
What is the remainder when 22056 is divided by 9569?
2918
What is the remainder when 11963513 is divided by 109757?
0
What is the remainder when 97146 is divided by 5883?
3018
Calculate the remainder when 44793128 is divided by 4340.
4328
Calculate the remainder when 47216474 is divided by 6745202.
60
What is the remainder when 8739322 is divided by 150677?
56
What is the remainder when 142233 is divided by 37?
5
What is the remainder when 409556 is divided by 23901?
3239
Calculate the remainder when 534719 is divided by 101.
25
Calculate the remainder when 286795 is divided by 286769.
26
What is the remainder when 446423 is divided by 5312?
215
What is the remainder when 6333899 is divided by 97?
90
What is the remainder when 50859521 is divided by 126?
125
What is the remainder when 188510 is divided by 184914?
3596
Calculate the remainder when 1414088660 is divided by 7368.
7364
Calculate the remainder when 112065525 is divided by 12.
9
What is the remainder when 1060720 is divided by 601?
556
Calculate the remainder when 6808 is divided by 967.
39
What is the remainder when 36272036 is divided by 203?
199
What is the remainder when 20676099 is divided by 68?
19
Calculate the remainder when 24885204 is divided by 7302.
7290
What is the remainder when 32221 is divided by 15313?
1595
Calculate the remainder when 2145491 is divided by 10.
1
Calculate the remainder when 2020597 is divided by 2107.
2091
What is the remainder when 290654 is divided by 10764?
26
What is the remainder when 496579288 is divided by 21?
16
What is the remainder when 731829455 is divided by 182?
175
Calculate the remainder when 31128816 is divided by 510308.
28
Calculate the remainder when 23875256 is divided by 24948.
20
What is the remainder when 685957284 is divided by 5?
4
What is the remainder when 22121 is divided by 19467?
2654
What is the remainder when 549013 is divided by 427?
318
What is the remainder when 193294621 is divided by 30?
1
Calculate the remainder when 380619 is divided by 47534.
347
Calculate the remainder when 607248 is divided by 340.
8
Calculate the remainder when 1263092 is divided by 97158.
38
Calculate the remainder when 178843 is divided by 215.
178
Calculate the remainder when 17501 is divided by 3674.
2805
What is the remainder when 24086 is divided by 7787?
725
Calculate the remainder when 597677 is divided by 99603.
59
What is the remainder when 375350 is divided by 156?
14
What is the remainder when 2705220 is divide